.
-30570
-110201 (base 4) to base 2
-10100100001
-4653 (base 9) to base 15
-1050
-10722 (base 11) to base 6
-155452
What is -80766 (base 9) in base 7?
-310566
Convert -813 (base 9) to base 13.
-3ba
What is 9679 (base 10) in base 13?
4537
What is 11791 (base 10) in base 8?
27017
What is -163 (base 13) in base 6?
-1054
What is 63034 (base 7) in base 5?
443320
3223 (base 5) to base 12
306
Convert 603 (base 12) to base 15.
3cc
Convert 233271 (base 8) to base 16.
136b9
What is 3103203 (base 4) in base 11?
a199
Convert 4056 (base 15) to base 10.
13581
Convert 2777 (base 12) to base 11.
3471
What is 232352 (base 6) in base 13?
9155
Convert 1221441 (base 5) to base 12.
11637
-1544 (base 8) to base 16
-364
-8dd (base 14) to base 16
-6e3
What is -110011111101 (base 2) in base 3?
-11120011
-5a4 (base 14) to base 3
-1112122
Convert -10332 (base 4) to base 5.
-2233
-1264 (base 8) to base 15
-312
1411334 (base 6) to base 9
130824
What is 110021202 (base 3) in base 9?
13252
What is 500 (base 12) in base 9?
880
Convert -3816 (base 9) to base 8.
-5442
What is 5da (base 16) in base 6?
10534
Convert -36051 (base 7) to base 6.
-111013
Convert -1113 (base 13) to base 6.
-15010
Convert -4063 (base 14) to base 10.
-11063
-4e67 (base 16) to base 4
-10321213
-47667 (base 8) to base 4
-10332313
Convert 12562 (base 9) to base 4.
2010200
What is 3502 (base 7) in base 10?
1276
1101010111110 (base 2) to base 11
5164
Convert 111111111101 (base 2) to base 9.
5547
Convert -16816 (base 11) to base 12.
-117b8
Convert 247 (base 8) to base 6.
435
1bb (base 14) to base 7
1024
What is 31a4 (base 15) in base 2?
10100100001000
What is 983 (base 16) in base 8?
4603
What is -1010111011011 (base 2) in base 5?
-134340
3aa (base 14) to base 5
10423
Convert -2 (base 4) to base 14.
-2
-94c (base 14) to base 16
-728
What is -9d8 (base 15) in base 8?
-4264
Convert -2231 (base 7) to base 10.
-806
What is -2320 (base 4) in base 15?
-c4
What is 246c (base 14) in base 7?
24365
Convert 5343 (base 11) to base 6.
52413
-1100 (base 5) to base 13
-b7
Convert 1304 (base 10) to base 9.
1708
What is 24632 (base 7) in base 12?
390b
-164 (base 7) to base 14
-6b
Convert -165 (base 10) to base 12.
-119
Convert -10100 (base 10) to base 16.
-2774
What is -11111111000011 (base 2) in base 10?
-16323
Convert -90 (base 15) to base 14.
-99
What is -1340 (base 7) in base 5?
-4033
-112012 (base 3) to base 16
-17f
Convert -3313 (base 5) to base 11.
-387
What is -4147 (base 10) in base 16?
-1033
9158 (base 11) to base 14
460b
What is 525 (base 11) in base 5?
10012
e59 (base 16) to base 5
104143
What is 961 (base 10) in base 12?
681
What is 630 (base 16) in base 14?
812
Convert -33 (base 4) to base 14.
-11
Convert 5370 (base 9) to base 16.
f6f
What is -1204 (base 16) in base 10?
-4612
-26b (base 13) to base 10
-427
29612 (base 13) to base 10
77924
Convert ba2c (base 15) to base 11.
27684
-3654 (base 7) to base 10
-1362
Convert -28a6 (base 13) to base 15.
-1b22
-2a0d (base 15) to base 9
-13324
What is -100b (base 14) in base 13?
-133c
What is -63655 (base 7) in base 15?
-4a14
Convert -1826 (base 11) to base 14.
-bc3
What is -412 (base 7) in base 12?
-151
-62511 (base 9) to base 3
-2002120101
-524d (base 16) to base 4
-11021031
Convert -149 (base 13) to base 10.
-230
-135321 (base 6) to base 3
-122122111
-337 (base 15) to base 6
-3211
617 (base 8) to base 2
110001111
-446 (base 15) to base 13
-594
What is 113 (base 11) in base 12?
b3
Convert 794 (base 11) to base 2.
1110110110
What is 2c9 (base 14) in base 16?
239
220200 (base 5) to base 10
7550
Convert -31321 (base 4) to base 6.
-4041
Convert -1f01 (base 16) to base 2.
-1111100000001
1000000000010111 (base 2) to base 10
32791
Convert -1505 (base 13) to base 3.
-11011212
What is 5302 (base 7) in base 6?
12344
Convert 4516 (base 10) to base 2.
1000110100100
What is -324c (base 14) in base 13?
-3c58
54717 (base 10) to base 7
315345
What is -254 (base 12) in base 11?
-2a0
Convert 200121 (base 3) to base 12.
35a
Convert 10413 (base 8) to base 13.
1ca8
What is 33330 (base 4) in base 5?
13040
What is -4a1 (base 13) in base 7?
-2232
What is -2011220 (base 3) in base 11?
-1216
What is -951 (base 16) in base 11?
-1879
2560b (base 12) to base 2
1100011100101011
What is -2c8 (base 13) in base 7?
-1315
Convert 54601 (base 7) to base 13.
62b9
Convert 1200020 (base 3) to base 15.
566
What is -8504 (base 9) in base 4?
-1201201
Convert 2422 (base 14) to base 3.
22122102
-101100001101110 (base 2) to base 3
-1011001110
-321 (base 13) to base 16
-216
Convert -150003 (base 6) to base 7.
-56400
What is 4235 (base 7) in base 16?
5d8
Convert -3879 (base 15) to base 16.
-2f07
Convert -4004 (base 5) to base 12.
-360
Convert -171 (base 9) to base 13.
-b2
What is -777 (base 10) in base 11?
-647
4464 (base 7) to base 11
1238
190 (base 13) to base 4
10132
What is -795 (base 10) in base 12?
-563
22551 (base 7) to base 9
7820
What is 21060 (base 8) in base 14?
3292
Convert -16 (base 16) to base 8.
-26
Convert -1102111 (base 3) to base 7.
-3013
What is -1024 (base 7) in base 11?
-2a9
Convert 45a0 (base 12) to base 9.
11563
18a (base 11) to base 4
3123
What is 2e1 (base 16) in base 12?
515
8183 (base 15) to base 12
139b0
Convert -b751 (base 14) to base 8.
-75613
-10a4 (base 16) to base 13
-1c29
-529 (base 13) to base 10
-880
Convert -2663 (base 7) to base 12.
-715
Convert 258 (base 11) to base 5.
2210
Convert e7 (base 16) to base 3.
22120
Convert -55 (base 13) to base 8.
-106
What is -2417 (base 9) in base 8?
-3406
-958 (base 14) to base 10
-1842
Convert -1923 (base 10) to base 15.
-883
Convert 1113 (base 4) to base 2.
1010111
What is 110110100 (base 2) in base 12?
304
What is -2495 (base 10) in base 7?
-10163
-538 (base 9) to base 13
-27b
-75 (base 15) to base 16
-6e
-827 (base 9) to base 12
-481
Convert 40343 (base 5) to base 6.
20010
What is 30dc (base 16) in base 15?
3a8d
What is 23202 (base 4) in base 12?
516
30c3 (base 14) to base 12
4a43
332 (base 13) to base 6
2312
Convert -14452 (base 6) to base 14.
-bcc
Convert 694 (base 12) to base 3.
1100011
What is 33443 (base 5) in base 8?
4505
Convert -23101 (base 4) to base 5.
-10341
Convert 6807 (base 9) to base 11.
3862
Convert 11010011000000 (base 2) to base 7.
54241
What is 1011310 (base 4) in base 13?
2059
1100001101110111 (base 2) to base 10
50039
What is 14637 (base 9) in base 6?
114141
-11011000011 (base 2) to base 10
-1731
Convert 232222 (base 4) to base 9.
4077
Convert 2451 (base 6) to base 7.
1525
What is -11100010 (base 2) in base 6?
-1014
81 (base 16) to base 9
153
What is 11a1 (base 13) in base 11?
1970
-170 (base 15) to base 8
-512
What is -1442 (base 6) in base 16?
-182
-154 (base 16) to base 14
-1a4
What is -53534 (base 8) in base 6?
-251312
-318 (base 14) to base 11
-505
-1000240 (base 5) to base 7
-63521
Convert 42bc (base 13) to base 9.
13652
What is 17d (base 16) in base 13?
234
What is 5303 (base 12) in base 15?
2a50
Convert -76 (base 12) to base 10.
-90
-5135 (base 12) to base 4
-2021321
What is -221303 (base 4) in base 12?
-166b
527 (base 8) to base 15
17d
What is -72024 (base 8) in base 16?
-7414
Convert -143 (base 12) to base 14.
-dd
Convert 211312 (base 7) to base 14.
d442
What is 11983 (base 10) in base 6?
131251
30 (base 15) to base 4
231
What is 1203314 (base 5) in base 2?
101011100111110
Convert 122103 (base 5) to base 14.
19a5
Convert -91b7 (base 14) to base 7.
-133020
What is 15480 (base 9) in base 8?
24552
What is -1022331 (base 5) in base 13?
-7ab4
What is -65c6 (base 13) in base 10?
-14189
183 (base 10) to base 12
133
Convert 1c50 (base 16) to base 3.
100221110
What is -23933 (base 10) in base 2?
-101110101111101
11332110 (base 4) to base 9
36506
What is 1410241 (base 5) in base 11?
1a721
What is -1402 (base 8) in base 10?
-770
Convert 122111 (base 5) to base 3.
20101110
What is -12bd (base 15) in base 2?
-111110100011
What is 1222 (base 16) in base 5?
122032
What is -100000110111 (base 2) in base 11?
-1642
What is 250 (base 13) in base 15?
1bd
Convert 2847 (base 12) to base 10.
4663
Convert 663 (base 11) to base 2.
1100011011
-75db (base 14) to base 11
-14349
181 (base 14) to base 12
219
-102466 (base 7) to base 12
-a321
What is -85126 (base 9) in base 12?
-28666
What is -110011110110000 (base 2) in base 9?
-40363